{"id":31634,"date":"2024-12-03T11:38:02","date_gmt":"2024-12-03T10:38:02","guid":{"rendered":"https:\/\/ismaeasy.be\/?page_id=31634"},"modified":"2024-12-03T14:04:13","modified_gmt":"2024-12-03T13:04:13","slug":"conditions-generales","status":"publish","type":"page","link":"https:\/\/ismaeasy.be\/index.php\/conditions-generales\/","title":{"rendered":"Conditions g\u00e9n\u00e9rales"},"content":{"rendered":"\t\t<div data-elementor-type=\"wp-page\" data-elementor-id=\"31634\" class=\"elementor elementor-31634\" data-elementor-post-type=\"page\">\n\t\t\t\t\r\n\t\t<div class=\"default no-position show_shadow rs-sticky-default elementor-element elementor-element-e173a89 e-flex e-con-boxed e-con e-parent\" data-id=\"e173a89\" data-element_type=\"container\" data-e-type=\"container\" data-settings=\"{&quot;background_background&quot;:&quot;classic&quot;}\">\n\t\t\t\t\t<div class=\"e-con-inner\">\n\t\t\r\n\t\t\t\t<div class=\"elementor-element elementor-element-29ca689 elementor-widget elementor-widget-heading\" data-id=\"29ca689\" data-element_type=\"widget\" data-e-type=\"widget\" data-widget_type=\"heading.default\">\n\t\t\t\t<div class=\"elementor-widget-container\">\n\t\t\t\t\t<h2 class=\"elementor-heading-title elementor-size-default\">Conditions G\u00e9n\u00e9rales <\/h2>\t\t\t\t<\/div>\n\t\t\t\t<\/div>\n\t\t\t\t\t<\/div>\n\t\t\t\t<\/div>\n\t\t\r\n\t\t<div class=\"default no-position show_shadow rs-sticky-default elementor-element elementor-element-88d70b9 e-flex e-con-boxed e-con e-parent\" data-id=\"88d70b9\" data-element_type=\"container\" data-e-type=\"container\">\n\t\t\t\t\t<div class=\"e-con-inner\">\n\t\t\r\n\t\t<div class=\"default no-position show_shadow rs-sticky-default elementor-element elementor-element-329be3c e-con-full e-flex e-con e-child\" data-id=\"329be3c\" data-element_type=\"container\" data-e-type=\"container\">\n\t\t\r\n\t\t\t\t<div class=\"elementor-element elementor-element-2d056c9 elementor-widget elementor-widget-heading\" data-id=\"2d056c9\" data-element_type=\"widget\" data-e-type=\"widget\" data-widget_type=\"heading.default\">\n\t\t\t\t<div class=\"elementor-widget-container\">\n\t\t\t\t\t<h4 class=\"elementor-heading-title elementor-size-default\">Conditions g\u00e9n\u00e9rales de soci\u00e9t\u00e9 Isma Easy Services SRL<\/h4>\t\t\t\t<\/div>\n\t\t\t\t<\/div>\n\t\t\t\t<\/div>\n\t\t\r\n\t\t\t\t<div class=\"elementor-element elementor-element-5dc993f elementor-widget elementor-widget-text-editor\" data-id=\"5dc993f\" data-element_type=\"widget\" data-e-type=\"widget\" data-widget_type=\"text-editor.default\">\n\t\t\t\t<div class=\"elementor-widget-container\">\n\t\t\t\t\t\t\t\t\t<p><span style=\"color: #000000;\"><strong>1. Objet du contrat<\/strong><\/span><\/p><p>Les pr\u00e9sentes conditions g\u00e9n\u00e9rales s\u2019appliquent \u00e0 tous les travaux de r\u00e9novation (peinture, plomberie, \u00e9lectricit\u00e9, ma\u00e7onnerie, rev\u00eatements, etc.) ex\u00e9cut\u00e9s par l&#8217;Entreprise pour le Client, dans le cadre d&#8217;un contrat de prestation de services. Les travaux \u00e0 r\u00e9aliser sont d\u00e9taill\u00e9s dans le devis accept\u00e9 par le Client.<\/p>\t\t\t\t\t\t\t\t<\/div>\n\t\t\t\t<\/div>\n\t\t\r\n\t\t\t\t<div class=\"elementor-element elementor-element-c7dd47d elementor-widget elementor-widget-text-editor\" data-id=\"c7dd47d\" data-element_type=\"widget\" data-e-type=\"widget\" data-widget_type=\"text-editor.default\">\n\t\t\t\t<div class=\"elementor-widget-container\">\n\t\t\t\t\t\t\t\t\t<p><span style=\"color: #000000;\"><strong>2. Objet du contrat<\/strong><\/span><br \/><span style=\"color: #f8b322;\"><strong>2.1 Devis<\/strong><\/span><\/p><p>Les pr\u00e9sentes conditions g\u00e9n\u00e9rales s\u2019appliquent \u00e0 tous les travaux de r\u00e9novation (peinture, plomberie, \u00e9lectricit\u00e9, ma\u00e7onnerie, rev\u00eatements, etc.) ex\u00e9cut\u00e9s par l&#8217;Entreprise pour le Client, dans le cadre d&#8217;un contrat de prestation de services. Les travaux \u00e0 r\u00e9aliser sont d\u00e9taill\u00e9s dans le devis accept\u00e9 par le Client.<\/p>\t\t\t\t\t\t\t\t<\/div>\n\t\t\t\t<\/div>\n\t\t\r\n\t\t\t\t<div class=\"elementor-element elementor-element-a916cb7 elementor-widget elementor-widget-text-editor\" data-id=\"a916cb7\" data-element_type=\"widget\" data-e-type=\"widget\" data-widget_type=\"text-editor.default\">\n\t\t\t\t<div class=\"elementor-widget-container\">\n\t\t\t\t\t\t\t\t\t<p><span style=\"color: #f8b322;\"><strong>2.2 Validit\u00e9 du devis<\/strong><\/span><\/p><p>Le devis est valable pour une dur\u00e9e de <strong>30<\/strong> jours \u00e0 compter de sa date d\u2019\u00e9mission. Pass\u00e9 ce d\u00e9lai, l&#8217;Entreprise se r\u00e9serve le droit de r\u00e9ajuster le prix en fonction des variations des co\u00fbts des mat\u00e9riaux ou des conditions du march\u00e9.<\/p>\t\t\t\t\t\t\t\t<\/div>\n\t\t\t\t<\/div>\n\t\t\r\n\t\t\t\t<div class=\"elementor-element elementor-element-1061899 elementor-widget elementor-widget-text-editor\" data-id=\"1061899\" data-element_type=\"widget\" data-e-type=\"widget\" data-widget_type=\"text-editor.default\">\n\t\t\t\t<div class=\"elementor-widget-container\">\n\t\t\t\t\t\t\t\t\t<p><span style=\"color: #f8b322;\"><strong>2.3 Modification du devis<\/strong><\/span><\/p><p>Toute modification des travaux ou du devis doit \u00eatre formalis\u00e9e par un avenant sign\u00e9 par les deux parties.<\/p>\t\t\t\t\t\t\t\t<\/div>\n\t\t\t\t<\/div>\n\t\t\r\n\t\t\t\t<div class=\"elementor-element elementor-element-46dd612 elementor-widget elementor-widget-text-editor\" data-id=\"46dd612\" data-element_type=\"widget\" data-e-type=\"widget\" data-widget_type=\"text-editor.default\">\n\t\t\t\t<div class=\"elementor-widget-container\">\n\t\t\t\t\t\t\t\t\t<p><span style=\"color: #000000;\"><strong>3. Prix et modalit\u00e9s de paiement<\/strong><\/span><br \/><span style=\"color: #f8b322;\"><strong>3.1 Prix<\/strong><\/span><\/p><p>Le prix des travaux est celui indiqu\u00e9 dans le devis accept\u00e9. Ce prix comprend la main-d&#8217;\u0153uvre, les mat\u00e9riaux et autres frais n\u00e9cessaires \u00e0 l&#8217;ex\u00e9cution des travaux, sauf mention contraire dans le devis.<\/p>\t\t\t\t\t\t\t\t<\/div>\n\t\t\t\t<\/div>\n\t\t\r\n\t\t\t\t<div class=\"elementor-element elementor-element-bce02df elementor-widget elementor-widget-text-editor\" data-id=\"bce02df\" data-element_type=\"widget\" data-e-type=\"widget\" data-widget_type=\"text-editor.default\">\n\t\t\t\t<div class=\"elementor-widget-container\">\n\t\t\t\t\t\t\t\t\t<p><span style=\"color: #f8b322;\"><strong>3.2 Acompte<\/strong><\/span><\/p><p>Un acompte de <strong>30 %<\/strong> du montant total des travaux est d\u00fb \u00e0 la signature du devis.<\/p>\t\t\t\t\t\t\t\t<\/div>\n\t\t\t\t<\/div>\n\t\t\r\n\t\t\t\t<div class=\"elementor-element elementor-element-cf93822 elementor-widget elementor-widget-text-editor\" data-id=\"cf93822\" data-element_type=\"widget\" data-e-type=\"widget\" data-widget_type=\"text-editor.default\">\n\t\t\t\t<div class=\"elementor-widget-container\">\n\t\t\t\t\t\t\t\t\t<p><span style=\"color: #f8b322;\"><strong>3.3 Paiement du solde<\/strong><\/span><\/p><p>Le solde restant sera d\u00fb \u00e0 la r\u00e9ception des travaux, ou selon les modalit\u00e9s de paiement convenues dans le devis. Le paiement doit \u00eatre effectu\u00e9 par virement bancaire.<\/p>\t\t\t\t\t\t\t\t<\/div>\n\t\t\t\t<\/div>\n\t\t\r\n\t\t\t\t<div class=\"elementor-element elementor-element-a0536cd elementor-widget elementor-widget-text-editor\" data-id=\"a0536cd\" data-element_type=\"widget\" data-e-type=\"widget\" data-widget_type=\"text-editor.default\">\n\t\t\t\t<div class=\"elementor-widget-container\">\n\t\t\t\t\t\t\t\t\t<p><span style=\"color: #f8b322;\"><strong>3.4 Retard de paiement<\/strong><\/span><\/p><p>En cas de retard de paiement, des int\u00e9r\u00eats de retard seront appliqu\u00e9s conform\u00e9ment aux dispositions l\u00e9gales Belges (loi du 2 ao\u00fbt 2002 relative \u00e0 la lutte contre le retard de paiement dans les transactions commerciales). Des frais de recouvrement seront \u00e9galement factur\u00e9s si le retard d\u00e9passe <strong>[30] jours<\/strong>.<\/p>\t\t\t\t\t\t\t\t<\/div>\n\t\t\t\t<\/div>\n\t\t\r\n\t\t\t\t<div class=\"elementor-element elementor-element-d83cb97 elementor-widget elementor-widget-text-editor\" data-id=\"d83cb97\" data-element_type=\"widget\" data-e-type=\"widget\" data-widget_type=\"text-editor.default\">\n\t\t\t\t<div class=\"elementor-widget-container\">\n\t\t\t\t\t\t\t\t\t<span style=\"color: #000000;\"><strong>4. D\u00e9lais d&#8217;ex\u00e9cution des travaux<\/strong><\/span>\n<span style=\"color: #f8b322;\"><strong>4.1 D\u00e9lais convenus<\/strong><\/span>\n\nLes travaux seront ex\u00e9cut\u00e9s dans le respect des d\u00e9lais indiqu\u00e9s dans le devis, sous r\u00e9serve de conditions climatiques, de retards dans l&#8217;approvisionnement des mat\u00e9riaux ou d\u2019autres impr\u00e9vus qui ne seraient pas sous le contr\u00f4le de l&#8217;Entreprise. Toute modification des d\u00e9lais sera communiqu\u00e9e au client dans les plus brefs d\u00e9lais.\t\t\t\t\t\t\t\t<\/div>\n\t\t\t\t<\/div>\n\t\t\r\n\t\t\t\t<div class=\"elementor-element elementor-element-e9af6c6 elementor-widget elementor-widget-text-editor\" data-id=\"e9af6c6\" data-element_type=\"widget\" data-e-type=\"widget\" data-widget_type=\"text-editor.default\">\n\t\t\t\t<div class=\"elementor-widget-container\">\n\t\t\t\t\t\t\t\t\t<p><span style=\"color: #000000;\"><strong>5. Obligations de l&#8217;Entreprise<\/strong><\/span><\/p><p><span style=\"color: #f8b322;\">L&#8217;Entreprise s&#8217;engage \u00e0 :<\/span><\/p><ul><li>R\u00e9aliser les travaux conform\u00e9ment aux normes techniques, de s\u00e9curit\u00e9 et aux r\u00e8gles de l&#8217;art.<\/li><li>Fournir les mat\u00e9riaux n\u00e9cessaires \u00e0 la r\u00e9alisation des travaux, sauf accord contraire sp\u00e9cifi\u00e9 dans le devis.<\/li><li>Respecter les d\u00e9lais convenus, sauf en cas de force majeure ou d\u2019impr\u00e9vu.<\/li><\/ul>\t\t\t\t\t\t\t\t<\/div>\n\t\t\t\t<\/div>\n\t\t\r\n\t\t\t\t<div class=\"elementor-element elementor-element-e70dadb elementor-widget elementor-widget-text-editor\" data-id=\"e70dadb\" data-element_type=\"widget\" data-e-type=\"widget\" data-widget_type=\"text-editor.default\">\n\t\t\t\t<div class=\"elementor-widget-container\">\n\t\t\t\t\t\t\t\t\t<p><span style=\"color: #000000;\"><strong>6. Obligations du Client<\/strong><\/span><\/p><p><span style=\"color: #f8b322;\">Le client s&#8217;engage \u00e0 :<\/span><\/p><ul><li>Payer le montant d\u00fb dans les d\u00e9lais convenus.<\/li><li>Fournir un acc\u00e8s s\u00e9curis\u00e9 et suffisant au chantier.<\/li><li>S&#8217;assurer que toutes les autorisations administratives n\u00e9cessaires (permis de construire, etc.) ont \u00e9t\u00e9 obtenues avant le d\u00e9but des travaux.<\/li><li>Pr\u00e9parer le chantier de mani\u00e8re \u00e0 ce que les travaux puissent commencer dans les meilleures conditions.<\/li><\/ul>\t\t\t\t\t\t\t\t<\/div>\n\t\t\t\t<\/div>\n\t\t\r\n\t\t\t\t<div class=\"elementor-element elementor-element-3101580 elementor-widget elementor-widget-text-editor\" data-id=\"3101580\" data-element_type=\"widget\" data-e-type=\"widget\" data-widget_type=\"text-editor.default\">\n\t\t\t\t<div class=\"elementor-widget-container\">\n\t\t\t\t\t\t\t\t\t<p><span style=\"color: #000000;\"><strong>7. Modification des travaux<\/strong><\/span><\/p><p>Toute modification des travaux demand\u00e9e par le Client en cours de chantier fera l\u2019objet d\u2019un avenant \u00e9crit, pr\u00e9cisant les nouvelles prestations, les nouveaux prix et les d\u00e9lais r\u00e9vis\u00e9s.<\/p>\t\t\t\t\t\t\t\t<\/div>\n\t\t\t\t<\/div>\n\t\t\r\n\t\t\t\t<div class=\"elementor-element elementor-element-8d8238d elementor-widget elementor-widget-text-editor\" data-id=\"8d8238d\" data-element_type=\"widget\" data-e-type=\"widget\" data-widget_type=\"text-editor.default\">\n\t\t\t\t<div class=\"elementor-widget-container\">\n\t\t\t\t\t\t\t\t\t<p><span style=\"color: #000000;\"><strong>8. R\u00e9ception des travaux<\/strong><\/span><\/p><p>A la fin des travaux, une r\u00e9ception sera effectu\u00e9e par le client.<\/p><p>Le client peut \u00e9mettre des r\u00e9serves par \u00e9crit en cas de non-conformit\u00e9 des travaux. Les travaux non conformes devront \u00eatre corrig\u00e9s par l&#8217;Entreprise, sans frais suppl\u00e9mentaires pour le Client, dans un d\u00e9lai raisonnable.<\/p>\t\t\t\t\t\t\t\t<\/div>\n\t\t\t\t<\/div>\n\t\t\r\n\t\t\t\t<div class=\"elementor-element elementor-element-04ecf94 elementor-widget elementor-widget-text-editor\" data-id=\"04ecf94\" data-element_type=\"widget\" data-e-type=\"widget\" data-widget_type=\"text-editor.default\">\n\t\t\t\t<div class=\"elementor-widget-container\">\n\t\t\t\t\t\t\t\t\t<p><span style=\"color: #000000;\"><strong>9. Assurance<\/strong><\/span><\/p><p>L&#8217;Entreprise d\u00e9clare \u00eatre couverte par une assurance responsabilit\u00e9 civile professionnelle pour les dommages pouvant survenir durant l\u2019ex\u00e9cution des travaux.<\/p>\t\t\t\t\t\t\t\t<\/div>\n\t\t\t\t<\/div>\n\t\t\r\n\t\t\t\t<div class=\"elementor-element elementor-element-9a4ffa3 elementor-widget elementor-widget-text-editor\" data-id=\"9a4ffa3\" data-element_type=\"widget\" data-e-type=\"widget\" data-widget_type=\"text-editor.default\">\n\t\t\t\t<div class=\"elementor-widget-container\">\n\t\t\t\t\t\t\t\t\t<p><span style=\"color: #000000;\"><strong>10. Force majeure<\/strong><\/span><\/p><p>L&#8217;Entreprise ne sera pas tenue responsable de l&#8217;inex\u00e9cution ou du retard dans l&#8217;ex\u00e9cution des travaux en cas de force majeure (incendie, inondation, gr\u00e8ve, conditions climatiques extr\u00eames, etc.). Dans ce cas, l&#8217;Entreprise informera le Client dans les plus brefs d\u00e9lais et s&#8217;efforcera de reprendre les travaux d\u00e8s que possible.<\/p>\t\t\t\t\t\t\t\t<\/div>\n\t\t\t\t<\/div>\n\t\t\r\n\t\t\t\t<div class=\"elementor-element elementor-element-09a3ee1 elementor-widget elementor-widget-text-editor\" data-id=\"09a3ee1\" data-element_type=\"widget\" data-e-type=\"widget\" data-widget_type=\"text-editor.default\">\n\t\t\t\t<div class=\"elementor-widget-container\">\n\t\t\t\t\t\t\t\t\t<p><span style=\"color: #000000;\"><strong>11. R\u00e9siliation du contrat<\/strong><\/span><br \/><span style=\"color: #f8b322;\"><strong>11.1 R\u00e9siliation par le Client<\/strong><\/span><\/p><p>Le Client peut r\u00e9silier le contrat \u00e0 tout moment avant le d\u00e9but des travaux. Si les travaux ont d\u00e9j\u00e0 commenc\u00e9, des indemnit\u00e9s seront dues \u00e0 l&#8217;Entreprise pour couvrir les co\u00fbts engag\u00e9s.<\/p>\t\t\t\t\t\t\t\t<\/div>\n\t\t\t\t<\/div>\n\t\t\r\n\t\t\t\t<div class=\"elementor-element elementor-element-3e201bf elementor-widget elementor-widget-text-editor\" data-id=\"3e201bf\" data-element_type=\"widget\" data-e-type=\"widget\" data-widget_type=\"text-editor.default\">\n\t\t\t\t<div class=\"elementor-widget-container\">\n\t\t\t\t\t\t\t\t\t<p><span style=\"color: #f8b322;\"><strong>11.2 R\u00e9siliation par l&#8217;Entreprise<\/strong><\/span><\/p><p>L&#8217;Entreprise peut \u00e9galement r\u00e9silier le contrat en cas de non-paiement, de retard important dans l&#8217;ex\u00e9cution des obligations du client ou de tout autres manquement substantiel.<\/p>\t\t\t\t\t\t\t\t<\/div>\n\t\t\t\t<\/div>\n\t\t\r\n\t\t\t\t<div class=\"elementor-element elementor-element-f42fc63 elementor-widget elementor-widget-text-editor\" data-id=\"f42fc63\" data-element_type=\"widget\" data-e-type=\"widget\" data-widget_type=\"text-editor.default\">\n\t\t\t\t<div class=\"elementor-widget-container\">\n\t\t\t\t\t\t\t\t\t<p><span style=\"color: #000000;\"><strong>12. Litiges et juridiction comp\u00e9tente<\/strong><\/span><\/p><p>En cas de litige, les parties s\u2019engagent \u00e0 tenter de r\u00e9soudre le conflit \u00e0 l\u2019amiable. En cas d\u2019\u00e9chec, le litige sera port\u00e9 devant le tribunal comp\u00e9tents du si\u00e8ge social de la soci\u00e9t\u00e9, en application des lois belges.<\/p>\t\t\t\t\t\t\t\t<\/div>\n\t\t\t\t<\/div>\n\t\t\r\n\t\t\t\t<div class=\"elementor-element elementor-element-006ab79 elementor-widget elementor-widget-text-editor\" data-id=\"006ab79\" data-element_type=\"widget\" data-e-type=\"widget\" data-widget_type=\"text-editor.default\">\n\t\t\t\t<div class=\"elementor-widget-container\">\n\t\t\t\t\t\t\t\t\t<p><span style=\"color: #000000;\"><strong>13. Dispositions diverses<\/strong><\/span><\/p><ul><li>Confidentialit\u00e9 : Les informations \u00e9chang\u00e9es entre les parties sont confidentielles et ne peuvent \u00eatre divulgu\u00e9es sans l&#8217;accord pr\u00e9alable de l&#8217;autre partie.<\/li><li>Modification des conditions : Les pr\u00e9sentes conditions peuvent \u00eatre modifi\u00e9es \u00e0 tout moment par l&#8217;Entreprise, sous r\u00e9serve de notification \u00e9crite au client.<\/li><li>Divisibilit\u00e9 : Si une ou plusieurs dispositions des pr\u00e9sentes conditions sont jug\u00e9es invalides, les autres dispositions resteront valables.<\/li><\/ul>\t\t\t\t\t\t\t\t<\/div>\n\t\t\t\t<\/div>\n\t\t\r\n\t\t\t\t<div class=\"elementor-element elementor-element-9e1ba2f elementor-widget elementor-widget-text-editor\" data-id=\"9e1ba2f\" data-element_type=\"widget\" data-e-type=\"widget\" data-widget_type=\"text-editor.default\">\n\t\t\t\t<div class=\"elementor-widget-container\">\n\t\t\t\t\t\t\t\t\t<p>Isma Easy Services SRL Lt. Graffplein 15, 1780 Wemmel TVA BE0763857875<\/p><p><a href=\"http:\/\/www.ismaeasy.be\/\">www.ismaeasy.be<\/a><\/p>\t\t\t\t\t\t\t\t<\/div>\n\t\t\t\t<\/div>\n\t\t\t\t\t<\/div>\n\t\t\t\t<\/div>\n\t\t\t\t<\/div>\n\t\t","protected":false},"excerpt":{"rendered":"<p>Conditions G\u00e9n\u00e9rales Conditions g\u00e9n\u00e9rales de soci\u00e9t\u00e9 Isma Easy Services SRL 1. Objet du contrat Les pr\u00e9sentes conditions g\u00e9n\u00e9rales s\u2019appliquent \u00e0 tous les travaux de r\u00e9novation (peinture, plomberie, \u00e9lectricit\u00e9, ma\u00e7onnerie, rev\u00eatements, etc.) ex\u00e9cut\u00e9s par l&#8217;Entreprise pour le Client, dans le cadre d&#8217;un contrat de prestation de services. Les travaux \u00e0 r\u00e9aliser sont d\u00e9taill\u00e9s dans le devis&#8230;<\/p>\n","protected":false},"author":1,"featured_media":0,"parent":0,"menu_order":0,"comment_status":"closed","ping_status":"closed","template":"elementor_header_footer","meta":{"_monsterinsights_skip_tracking":false,"_monsterinsights_sitenote_active":false,"_monsterinsights_sitenote_note":"","_monsterinsights_sitenote_category":0,"footnotes":""},"class_list":["post-31634","page","type-page","status-publish","hentry"],"_links":{"self":[{"href":"https:\/\/ismaeasy.be\/index.php\/wp-json\/wp\/v2\/pages\/31634","targetHints":{"allow":["GET"]}}],"collection":[{"href":"https:\/\/ismaeasy.be\/index.php\/wp-json\/wp\/v2\/pages"}],"about":[{"href":"https:\/\/ismaeasy.be\/index.php\/wp-json\/wp\/v2\/types\/page"}],"author":[{"embeddable":true,"href":"https:\/\/ismaeasy.be\/index.php\/wp-json\/wp\/v2\/users\/1"}],"replies":[{"embeddable":true,"href":"https:\/\/ismaeasy.be\/index.php\/wp-json\/wp\/v2\/comments?post=31634"}],"version-history":[{"count":56,"href":"https:\/\/ismaeasy.be\/index.php\/wp-json\/wp\/v2\/pages\/31634\/revisions"}],"predecessor-version":[{"id":31721,"href":"https:\/\/ismaeasy.be\/index.php\/wp-json\/wp\/v2\/pages\/31634\/revisions\/31721"}],"wp:attachment":[{"href":"https:\/\/ismaeasy.be\/index.php\/wp-json\/wp\/v2\/media?parent=31634"}],"curies":[{"name":"wp","href":"https:\/\/api.w.org\/{rel}","templated":true}]}}